et d(g) = -g**2 + 18*g - 13. Calculate the remainder when 170 is divided by d(14).
41
Suppose 0 = -4*g + 3*u + 76, 0 = -0*g - 4*g + u + 68. Suppose -4*l + 124 = 4*h, 6*l - l - 39 = -h. Calculate the remainder when h is divided by g.
13
Let g = -1 - -15. Calculate the remainder when 53 is divided by g.
11
Suppose -3*b = -88 + 19. Let y = b - 6. What is the remainder when y is divided by 9?
8
Let x = 0 + 21. Let j = -57 - -24. Let u = -22 - j. Calculate the remainder when x is divided by u.
10
Let a = 21 + 0. Suppose u = -6*u + 35. Calculate the remainder when a is divided by u.
1
Let h(k) = -k**2 + 12*k - 1. Calculate the remainder when h(3) is divided by 9.
8
Suppose 0 = 4*r + 31 - 103. What is the remainder when r is divided by 4?
2
Calculate the remainder when -5*6/12*(-32)/10 is divided by 3.
2
Let q = 144 - 103. What is the remainder when 161 is divided by q?
38
Let a(n) = -n**2 - 10*n - 11. Let j be a(-8). Suppose 0*p = -j*p + 60. Calculate the remainder when 34 is divided by p.
10
Suppose -v = 3*w - 20, 3*v - w = 2*w + 48. Let b(c) = 4*c + 0*c - 2*c - 4*c. Calculate the remainder when v is divided by b(-5).
7
What is the remainder when (5/7)/((-14)/(-49))*2 is divided by 2?
1
Let m(b) be the first derivative of b**4/4 + 2*b**3/3 - b**2/2 - 1. Calculate the remainder when m(-2) is divided by ((-4)/(-3))/((-4)/(-6)).
0
Let h = 109 + -71. What is the remainder when 109 is divided by h?
33
Let y = 20 - 9. What is the remainder when (y*-3)/(9/(-6)) is divided by 6?
4
Let n = -25 + 40. Let f = 29 - n. Suppose r + 126 = 4*r + 2*s, 2*r + s = 83. Calculate the remainder when r is divided by f.
12
Suppose -g = -4*n + 109, -2*n + 62 = -0*g - 2*g. Suppose -2*f = 6 + 2. What is the remainder when n is divided by (-332)/(-36) - f/(-18)?
8
Suppose -66 = -3*v - 2*m, -2*m - 99 = -4*v - m. Calculate the remainder when v is divided by ((-50)/35)/(14/(-49)).
4
Suppose 0*q + 2*q - 66 = 0. Suppose -40*f + 38*f + 34 = 4*n, -5*n = 0. What is the remainder when q is divided by f?
16
Calculate the remainder when 71 is divided by 2/(-3) - 203/(-21).
8
What is the remainder when 21 is divided by 3/(1/(-2) - -1)?
3
Let n(u) = -u**3 + 7*u**2 - 6*u + 9. Let z be n(6). Suppose -9 = -3*q + z. Calculate the remainder when 9 is divided by q.
3
Let h = -13 - -13. Suppose h = -4*b + 5*b - 18. Calculate the remainder when 69 is divided by b.
15
Let n(d) = d + 4. What is the remainder when 32 is divided by n(7)?
10
Let s(x) = x**3 - 3*x + 28. Calculate the remainder when 110 is divided by s(0).
26
Let b = 54 + -28. What is the remainder when b is divided by 7?
5
Let c = 36 + -26. Calculate the remainder when 38 is divided by c.
8
Let o = 1 + -3. Calculate the remainder when (1 - -1)*(-9)/o is divided by 1 + 2*(3 + -1).
4
Let h(g) = 2*g**2 + 4*g - 28. What is the remainder when 119 is divided by h(4)?
19
Let i be (-2 + 1)*1 - -3. Suppose 0 = 4*f - i - 6. Suppose -m - 25 = -5*x - 0*m, f*m + 18 = 2*x. Calculate the remainder when 11 is divided by x.
3
Suppose -4*b + 4*m + 16 = 0, -6*m - 8 = -2*b - 2*m. Calculate the remainder when 47 is divided by 20*1/(5/b).
15
Suppose -5*c - 3*v + 0*v = -55, 5*c + 5*v = 55. Calculate the remainder when 2/(3 - 2)*21/2 is divided by c.
10
Let o(y) = -y**2 - 2*y + 5. Let i be o(-4). Let m(g) be the second derivative of -g**3/6 + g. What is the remainder when 5 is divided by m(i)?
2
Let v be (-6)/(-8)*(70 + 2). Suppose -5*z = -2*w - 90, z + 2*z + 2*w - v = 0. Calculate the remainder when z is divided by 7.
4
Let g = 104 - 94. What is the remainder when g is divided by 7?
3
Suppose -j - 5*h = -51, 4*j + 31 = h + 214. Calculate the remainder when j is divided by 16.
14
Let v be ((-2)/(-3))/((-1)/(-57)). Suppose 70 = 4*j - v. Calculate the remainder when j is divided by 7.
6
Let l = -21 - -35. Let i(k) = -6*k + 3. Suppose d + 0 + 4 = 0. Calculate the remainder when i(d) is divided by l.
13
Suppose -15 = -4*f + 5*i, -f + 2*i = -0*i - 3. Suppose f*q + 2*p = 80, -4*q + 5*p + 64 = -0*p. Calculate the remainder when 31 is divided by q.
15
Suppose 4*u + 4*f - 84 = 2*f, -u + 2*f = -21. What is the remainder when u is divided by 11?
10
Suppose -3*n - 71 = -4*y, 3*y + 2*n = 88 - 22. Suppose m + 2 = 2*m. Calculate the remainder when y is divided by (1/3)/(m/42).
6
Suppose -209 = -7*a - 4*a. Calculate the remainder when 35 is divided by a.
16
Let j(p) = p**3 - 7*p**2 - 16*p - 8. Calculate the remainder when j(9) is divided by 7.
3
Let z be (-2)/(-8) + (-129)/(-12). Suppose 0*x - l + 27 = 3*x, -2*x = 3*l - z. What is the remainder when 19 is divided by x?
9
Let c(i) = 9*i + 1. Let d be c(1). Suppose 2*h + 3*n - d = 5*n, -2*n - 24 = -4*h. What is the remainder when h is divided by 4?
3
Let k be 156/(-8)*4/(-6). Suppose 0 = 4*o + a - 26 + 10, 3*o - k = -a. Suppose -d + 8 = -4*x, 4*d = -o*x - x + 72. What is the remainder when d is divided by 6?
4
Let y = -30 + 39. What is the remainder when 21 is divided by y?
3
Suppose 12 = -3*y + 75. Calculate the remainder when y is divided by 8.
5
Suppose -5*m + 14 - 40 = -4*q, 4*q - 3*m - 22 = 0. Suppose -11 = 2*r + 3*f, -q*f + f - 17 = -r. Let d = 1 + 1. Calculate the remainder when r is divided by d.
0
Let q = -25 - -28. Calculate the remainder when 12 is divided by q.
0
Suppose -35 + 173 = 3*v. What is the remainder when 183 is divided by v?
45
Let v = 68 + -54. Calculate the remainder when 39 is divided by v.
11
Let m(z) = -z**3 + 7*z**2 - 6*z + 4. Let u be m(6). Suppose 0 = 5*h - 10 - 0. What is the remainder when h is divided by ((-2 - -1)*u)/(-2)?
0
Suppose -2*j - j = -33. Suppose -3*v + 5*h = -225, -5*v - h - 3*h + 338 = 0. Suppose 0 = 4*x - 98 - v. Calculate the remainder when x is divided by j.
9
Suppose -4*b = -2*s + 48, 0 = -2*s + 5*b - 9*b + 40. What is the remainder when 87 is divided by s?
21
Let y = -10 + 13. Let m(c) = c**3 - 7*c**2 + 8*c - 7. Let l be m(6). Suppose l = y*x + 2. What is the remainder when 3 is divided by x?
0
Calculate the remainder when (2/3)/(16/1128) is divided by 12.
11
Let v be (1 - (-3)/(-3))/3. Suppose 0 = -v*y + y + m - 18, -3*y = -2*m - 39. Let a(n) = -n**2 + 8. What is the remainder when y is divided by a(0)?
7
Let s(v) = 6*v. Let b be s(6). Suppose 0 = -n - 2*j + 7, 4*n = 5*j + 44 + b. Calculate the remainder when 29 is divided by n.
14
Suppose 0 = 3*p - 114 + 30. What is the remainder when 139 is divided by p?
27
Let o(r) = 12*r - 20. Let g = 5 - -5. What is the remainder when o(4) is divided by g?
8
Let v(j) = j**2 + 4*j + 2. Calculate the remainder when 20 is divided by v(-5).
6
Let p(j) = j**2 + 4*j - 7. Let t be p(-6). Suppose t*k - 12 = -2. What is the remainder when 2 is divided by k?
0
Let u = -86 - -93. What is the remainder when 33 is divided by u?
5
Suppose 2*t - 5*z - 10 = 0, 3*t - 22 = z + 6. What is the remainder when 17 is divided by t?
7
What is the remainder when 62 is divided by (-3)/21 + 148/7?
20
Suppose 0 = 5*k - 25 - 20. Let o = 68 + -42. What is the remainder when o is divided by k?
8
Let m(b) = -13*b**3 - 2*b - 1. Let p be m(-1). Suppose 4*y + 4*w - p = w, 3*y - 4*w = 23. Calculate the remainder when y is divided by 6/4*2*1.
2
Let g = 217 - 87. What is the remainder when g is divided by 22?
20
Suppose 6 = 3*d - 9. What is the remainder when d is divided by 2?
1
Suppose -4*g - g + 28 = 3*v, 0 = 4*v - 2*g - 72. Calculate the remainder when (-250)/(-8) + (-4)/v is divided by 11.
9
What is the remainder when -2 + 2 + -1 + 64 + -1 is divided by 34?
28
Let c be (-4)/10 + 108/20. Suppose 331 - 96 = c*q. Let w = 13 - -3. What is the remainder when q is divided by w?
15
Suppose -2*z - 18 = -2*o, 1 = -z - 3*o - 8. Let f = z + 25. Let s(g) = -11*g - 3. What is the remainder when s(-3) is divided by f?
14
Let y(o) = 42*o**3 + o - 2. What is the remainder when 162 is divided by y(1)?
39
Suppose 3*v - 237 = 168. Calculate the remainder when v is divided by 28.
23
Let h(a) = a**2 - 4*a - 19. What is the remainder when h(10) is divided by 15?
11
What is the remainder when 589/62 + (-6)/(-4) is divided by 3?
2
Let y(t) = -t**3 - 2*t**2 + 2*t - 3. Let z be y(-3). Suppose -4*c = -z*c - 12. Suppose -7*l + 76 = -c*l. Calculate the remainder when 37 is divided by l.
18
Let j be -2 - (-4)/((-8)/(-10)). Suppose -j*u - u = 8. What is the remainder when 17 is divided by 9/u*(-2 